e m(u).
24
Let n(l) = 3*l**2 + 18*l + 20. Let r(u) = -u**2 - 6*u - 7. Suppose 0*g + 6 = -2*g - i, 3*g = 4*i - 20. Let m(y) = g*n(y) - 11*r(y). Determine m(-5).
2
Let x(r) be the first derivative of 0*r + 1/2*r**2 - 3. Suppose 2*a - 8 = -0. What is x(a)?
4
Suppose 17*d = 9*d - 40. Let i(w) = w**3 + 5*w**2 - 5*w - 3. Give i(d).
22
Let t(i) = -464 + 225 - i + 7*i + 222. Determine t(4).
7
Let l(k) = -13 + 3*k**2 + 14 - 2*k - 2*k**2. Suppose -u + 5*z = 3, 0 = u - 4*u - 3*z + 9. Determine l(u).
1
Let q(f) = 12*f - 6 + 7 - 9*f + f**2. Suppose 2 + 2 = -c. Let p be q(c). Let y(d) = d**2 - 6*d - 1. Give y(p).
-6
Let m(p) = 12*p + 240. Let z(c) = 4*c + 82. Let n(k) = 3*m(k) - 8*z(k). What is n(-16)?
0
Let a(r) be the second derivative of -3*r**2 + 0 + 1/3*r**3 - 2*r. Let j(m) = -m + 1. Let f(z) = a(z) - j(z). Give f(6).
11
Suppose -9 = 2*f - 15. Let k(v) = 2*v**3 + 8*v**2 + 10 + 5*v**f + 2*v - 3*v**3 - 3*v**3. Let j be k(-8). Let g(m) = 2*m + 3. Determine g(j).
-9
Let i(u) = 3*u - 13. Let m = 13 - 9. Suppose -4*o - n = 5 - 16, m*n = o - 7. Let x(r) = -r + 4. Let p(d) = o*i(d) + 8*x(d). Calculate p(0).
-7
Let n(t) = -213*t + 206*t - 7 - 12*t**2 + t**3 + 0*t**3 + 17*t**2. Determine n(-6).
-1
Let a(u) be the second derivative of -u**6/720 + u**5/30 + u**4/4 - 2*u. Let h(g) be the third derivative of a(g). Suppose 2 = 2*c - 4. What is h(c)?
1
Let r(l) = 4*l. Let a be r(1). Let i(z) = a*z + z - z**2 - 12*z. Give i(-7).
0
Let g(y) = y**2 + 6. Let l(j) = j**2 + j. Let p(n) = -g(n) + 2*l(n). What is p(-6)?
18
Let a(p) = -7*p**2 + 11*p + 12. Suppose -5*x + 16 = -2*c, 5 = -2*x - 5*c - 6. Let z(k) = -3*k**2 + 5*k + 6. Let g(i) = x*a(i) - 5*z(i). Give g(6).
12
Let m(o) be the first derivative of -2 + 2*o**2 + 0*o - 1/8*o**4 - 3/2*o**3. Let i(t) be the second derivative of m(t). Calculate i(-6).
9
Let j(c) = 170*c**2 + 5*c - 2*c - 163*c**2. Determine j(-2).
22
Let r(f) = -7*f + 3. Let g(w) = 9 + 17 + w**3 - 29. Let q be g(0). Give r(q).
24
Let r(j) = j**2 + 2*j - 3. Let c(q) = 4*q - 13. Let f be c(2). What is r(f)?
12
Let b be (-9)/(-90)*-4 - 54/(-10). Suppose -5 = b*m + 5. Let r(i) = -7*i - 2. Give r(m).
12
Let j(s) = 27*s + 189. Let k be j(-7). Let h(r) = -r**3 - r**2 + r + 1. Determine h(k).
1
Let y(b) be the second derivative of -29*b - b**2 + 0 - 1/3*b**3 - 1/20*b**5 - 7/12*b**4. Determine y(-7).
12
Let t(d) = -d**2 - 4*d - 2. Let p = -70 + 46. Let a = p - -30. Suppose 0 = -2*s - 2 - a. Calculate t(s).
-2
Let f(z) = z**2 + 2*z. Let k(u) = -1. Let t(i) = -f(i) - 2*k(i). Let n = 1090 + -1093. Determine t(n).
-1
Let w(m) be the third derivative of -m**5/60 - 7*m**4/12 - 3*m**3/2 + 22*m**2. Calculate w(-14).
-9
Let s(q) = -q**2 - 2*q + 2. Let h = 100 + -103. What is s(h)?
-1
Let q(a) be the first derivative of a**4/4 - 5*a**3/3 + a**2 - 4*a + 216. Let i be 36/21 + (-2)/(-7). Let t(c) = 2*c + 1. Let b be t(i). Determine q(b).
6
Let p(w) be the third derivative of -w**5/60 - w**4/3 + w**3/2 + 2*w**2. Let b be (-129)/15 - 3/(-5). What is p(b)?
3
Let j(o) be the first derivative of -o**4/4 - o**3/3 - 3*o**2/2 - o + 520. Give j(-3).
26
Let j be 0*(-4)/8 + 5 + -3. Let k(v) be the third derivative of -1/3*v**3 + 0 + 0*v + 5*v**j + 1/6*v**4 - 1/20*v**5 - 1/120*v**6. Determine k(-4).
-2
Let k be ((-15)/(-6))/((-3)/(-6)). Let q(f) = f**2 - 4 - k + 15 - 5*f - 2. Suppose -3*x = -3*w + 6, -3*w - x + 34 = 2*w. Calculate q(w).
10
Suppose -7*y = -3*y - 6*y. Suppose -2*n + 18 = 2*o - y*o, -o + 9 = -3*n. Let p(d) = d - 11. Calculate p(o).
-2
Let u(h) = -h**2 + 4*h - 2. Let d(y) = y**2 - 6*y + 5. Let v(s) = 4*d(s) + 3*u(s). What is v(11)?
3
Let s(g) = -3*g**3 - 5*g**2 + 3*g - 6. Let b(m) = -2*m**3 - 3*m**2 + 2*m - 4. Let p(i) = -8*b(i) + 5*s(i). Determine p(2).
4
Let l(n) = -2*n**3 - 11*n**2 - 16*n - 1. Let t be l(-3). Let r(s) = 7*s - 11. Calculate r(t).
3
Let s(z) = -2*z**3 + 5*z**2 - z - 1. Let c(i) = i**3 - 3*i**2 + 1. Let b be (-1 - 15/(-5))*1. Let m(y) = b*s(y) + 5*c(y). What is m(5)?
-7
Let t be (-1)/(-4 + (-237)/(-60)). Suppose -4*c - t = -0*c. Let a(p) = p**3 - 48 + 43 + 0*p + 2*p + 6*p**2. Calculate a(c).
10
Let n(g) be the second derivative of 5/12*g**4 - 1/240*g**6 + 5*g + 0*g**3 + 1/30*g**5 + 0*g**2 + 0. Let d(h) be the third derivative of n(h). Determine d(3).
-5
Let d(s) be the third derivative of 0*s + 4*s**2 - 1/2*s**3 + 0 - 1/8*s**4 - 1/30*s**5. Give d(-2).
-5
Let k = -74 + 74. Let w(x) be the second derivative of -x**6/720 + 7*x**5/120 - x**4/4 - 2*x. Let y(d) be the third derivative of w(d). Determine y(k).
7
Let s(h) be the second derivative of -2*h**3/3 - h**2 - 4*h. Suppose 2*o - 4*o + w + 15 = 0, 2*w + 10 = 0. Let g = o + -8. What is s(g)?
10
Let z = 67 - 63. Let p(r) = 2*r - r - z + 11. Determine p(-9).
-2
Let u(f) = -2*f - 1. Let a(w) = w**3 - 6*w**2 - 10*w - 11. Let h be a(8). Suppose -7*y + 47 = -h. Let v be 6 + 5/((-15)/y). What is u(v)?
-5
Let d(o) be the second derivative of -5*o**3/6 - 19*o**2/2 - 543*o. Calculate d(-7).
16
Let z(r) = -6*r**3 - r**2 + 2*r + 2. Let a(h) = 7*h**3 + 2*h**2 - 3*h - 2. Let u(d) = -5*a(d) - 6*z(d). Let y be u(3). Let o(t) = 2*t + 2. What is o(y)?
-2
Let m(x) = x**2 + 15*x - 13. Suppose -5*n - 15 - 65 = 0. Let g be m(n). Let s(l) = 2 - g*l + l + 4*l. Calculate s(-5).
-8
Let b(f) be the third derivative of -f**6/120 - 11*f**5/60 + f**4/12 + 5*f**3/2 + 1584*f**2. Let u be (-2)/(-1) - (10 + 3). Give b(u).
-7
Let q(y) = y**3 + 5*y**2 - 4*y + 6. Let t be (-4 - -1)*(-16)/12. Let i be (t - 1)/(3/(-6)). Calculate q(i).
-6
Let h(q) = q**2 - 201 - 4*q + 201. Let x(k) = -1. Let z(w) = -h(w) - 3*x(w). Suppose -4*l + 12 = -l. Give z(l).
3
Suppose -3*t + 84 = 25*t. Let q(h) be the third derivative of -1/15*h**5 + 0 + 0*h + 3*h**2 + 1/6*h**4 - 1/3*h**t. Calculate q(2).
-10
Let x(a) = -a**3 + 4*a**2 + 5*a - 1. Let k(d) = 6*d**2 - 9*d - 2. Let n be k(2). Determine x(n).
19
Let l(i) be the third derivative of i**5/60 - i**4/24 + i**3/3 - 4*i**2. Let q(u) be the first derivative of l(u). Let c = -50 + 52. Give q(c).
3
Let a(x) = 0 + 8*x - 9*x + 4. Let t(i) = -8*i + 70. Let m be t(8). Calculate a(m).
-2
Let u be 3*2/(-18)*0. Let a(z) be the second derivative of -5*z - 5/2*z**2 - 1/3*z**3 + u. Determine a(-4).
3
Let y(s) = s**3 + s**2 - s - 1. Let f(n) = -10*n**3 - 6*n**2 + 6*n + 5. Let h(b) = f(b) + 6*y(b). Let r be 3*1/(-3) - (3 + -6). Let w be r*3/12*-2. Give h(w).
3
Suppose -13 - 6 = -5*t + 3*f, -5*t - 3*f = -1. Let v(a) = t + a + 9*a - 11*a. Give v(-6).
8
Let p(w) = -w**3 + 6*w**2 + 7*w + 4. Let j be (672/(-49))/(-2) - 2/(-14). Determine p(j).
4
Let i(j) = -3*j + 4. Let y = 24 - 23. Let g be 12/(2 + y) + -1. Give i(g).
-5
Let d(p) = p**3 - 7*p**2 - 6*p - 9. Suppose -132 = -3*i - m, -4*i + 4*m + 250 = 74. Suppose 5*t = -4 + i. Determine d(t).
7
Let u(m) = 3*m**2 + 0*m + 6 - 4 - 2*m + 0*m. Let r be 39/(-26)*((-14)/6 + 1). Give u(r).
10
Let h(z) = z**2 - 3*z + 4. Let x(k) = -k**2 + 4*k - 6. Let d(u) = 4*h(u) + 3*x(u). Determine d(-3).
7
Let x(s) = s**3 + s - 2. Suppose -w + 532 = 530. Suppose n = 2*d + 5*n - 20, -3*d + 15 = n. Suppose w*v = d*v. Calculate x(v).
-2
Let c(q) be the first derivative of 13*q**2/2 + q - 81. Calculate c(-1).
-12
Let n = -137 - -142. Let t(v) = v**3 - 4*v**2 + 5*v - 4. What is t(n)?
46
Let g(l) = -l + 1 + 0*l + 0*l. Let z(k) = 4*k - 3. Let y be z(2). Suppose -15 = y*s, 5*c - 9 = c - s. Determine g(c).
-2
Let f(m) = 2*m**2 - 2*m + 1. Let t(a) = a**3 + a**2 - 5*a - 6. Let w(b) = 7*f(b) - t(b). Give w(12).
49
Let d = -48 + 21. Let v = d + 19. Let s(t) = t**2 + 10*t + 12. Determine s(v).
-4
Let w(j) = -4*j + 5. Suppose 28 = 15*n - 47. Calculate w(n).
-15
Let j(m) = 72217*m + 3 - 72232*m - 4. What is j(-2)?
29
Suppose -9*m = -16*m + 70. Let h(c) = -c + 2. What is h(m)?
-8
Let s(x) = 13*x**2 + 37*x. Let y(v) = 3*v**2 + 9*v. Let m(p) = -2*s(p) + 9*y(p). Suppose -1065 = 10*f - 415. Let q = -72 - f. Give m(q).
0
Let m(p) be the second derivative of -p**4/6 + 5*p**3/6 - 22*p. Give m(4).
-12
Let p = 478 + -470. Let l(v) = -v**2 + 8*v + 4. Determine l(p).
4
Let v(k) = k**2 - 8. Suppose 19 - 22 = j. Calculate v(j).
1
Let q(j) = j**2 + j - 1. Let s(h) = -1. Let u(z) = 6*z**2 + 5*z - 3. Let g(a) = 3*s(a) + u(a). Let x(b) = g(b) - 5*q(b). Let c = -3 - -4. Give x(c).
0
Let z = 40 + -38. Let j(w) = -301*w**z + 146*w**2 + 6 + 154*w*